{"id":41,"date":"2024-01-25T10:53:36","date_gmt":"2024-01-25T09:53:36","guid":{"rendered":"https:\/\/cie-lespiedsdanslesetoiles.fr\/?page_id=41"},"modified":"2024-04-18T09:21:27","modified_gmt":"2024-04-18T07:21:27","slug":"2009-oscar-et-la-dame-rose","status":"publish","type":"page","link":"https:\/\/cie-lespiedsdanslesetoiles.fr\/index.php\/nos-representations-passees\/2009-oscar-et-la-dame-rose\/","title":{"rendered":"2009 &#8211; Oscar et la dame rose"},"content":{"rendered":"\n<figure class=\"wp-block-image size-large\"><img loading=\"lazy\" decoding=\"async\" width=\"768\" height=\"1024\" src=\"https:\/\/cie-lespiedsdanslesetoiles.fr\/wp-content\/uploads\/2024\/03\/Affiche-OSCAR-jpg-neutre-768x1024.jpg\" alt=\"\" class=\"wp-image-533\" srcset=\"https:\/\/cie-lespiedsdanslesetoiles.fr\/wp-content\/uploads\/2024\/03\/Affiche-OSCAR-jpg-neutre-768x1024.jpg 768w, https:\/\/cie-lespiedsdanslesetoiles.fr\/wp-content\/uploads\/2024\/03\/Affiche-OSCAR-jpg-neutre-225x300.jpg 225w, https:\/\/cie-lespiedsdanslesetoiles.fr\/wp-content\/uploads\/2024\/03\/Affiche-OSCAR-jpg-neutre-1152x1536.jpg 1152w, https:\/\/cie-lespiedsdanslesetoiles.fr\/wp-content\/uploads\/2024\/03\/Affiche-OSCAR-jpg-neutre-1536x2048.jpg 1536w, https:\/\/cie-lespiedsdanslesetoiles.fr\/wp-content\/uploads\/2024\/03\/Affiche-OSCAR-jpg-neutre-scaled.jpg 1920w\" sizes=\"auto, (max-width: 768px) 100vw, 768px\" \/><\/figure>\n\n\n<p class=\"MsoNormal\" style=\"text-align: center;\"><em>Oscar a dix ans et il vit \u00e0 l\u2019h\u00f4pital. M\u00eame si personne n\u2019ose le lui dire, il sait qu\u2019il va mourir. La dame rose, qui le visite et qui \u00ab croit au ciel \u00bb, lui propose, pour qu\u2019il se sente moins seul, d\u2019\u00e9crire \u00e0 Dieu. Les questions m\u00e9taphysiques qui sont les th\u00e8mes r\u00e9currents des livres et des pi\u00e8ces de l\u2019auteur, jalonnent celle-ci \u00e0 travers les propos des personnages\u2026 Autour d\u2019Oscar et de Mamie Rose, bien d\u2019autres personnages prennent vie, \u00e0 travers l\u2019unique com\u00e9dienne et tissent la trame de la vie d\u2019Oscar, v\u00e9cue en acc\u00e9l\u00e9r\u00e9, gr\u00e2ce au jeu dont les r\u00e8gles sont celles \u00e9tablies par Mamie Rose.<\/em><\/p>\n\n\n<div class=\"moz-text-html\" lang=\"x-unicode\">\n<div dir=\"ltr\">\n<div style=\"text-align:center\"><b>Un texte d&rsquo;Eric-Emmanuel Schmitt,<\/b><\/div>\n<div style=\"text-align:center\"><\/div>\n<div style=\"text-align:center\"><b>pr\u00e9sent\u00e9 au th\u00e9\u00e2tre Noriac (Espace Noriac) \u00e0 Limoges en Novembre 2009 puis repris dans diff\u00e9rents lieux de la r\u00e9gion dont Brive au cours de la saison suivante.<\/b><\/div>\n<div style=\"text-align:center\"><\/div>\n<div style=\"text-align:center\"><b>Avec Pascale Fermon-Colombeau.<\/b><\/div>\n<div style=\"text-align:center\"><b>Mise en sc\u00e8ne : Hubert Lartigue.<\/b><\/div>\n<div style=\"text-align:center\"><b>Conception lumi\u00e8res : Robert Rousselle.<\/b><\/div><div style=\"text-align:center\"><b>Cr\u00e9ation bande-son : Jan-Luc Delage.<\/b><\/div><\/div>\n\n\n\n<figure class=\"wp-block-image size-large\"><img loading=\"lazy\" decoding=\"async\" width=\"1024\" height=\"768\" src=\"https:\/\/cie-lespiedsdanslesetoiles.fr\/wp-content\/uploads\/2024\/03\/DSCN6449-1024x768.jpg\" alt=\"\" class=\"wp-image-539\" srcset=\"https:\/\/cie-lespiedsdanslesetoiles.fr\/wp-content\/uploads\/2024\/03\/DSCN6449-1024x768.jpg 1024w, https:\/\/cie-lespiedsdanslesetoiles.fr\/wp-content\/uploads\/2024\/03\/DSCN6449-300x225.jpg 300w, https:\/\/cie-lespiedsdanslesetoiles.fr\/wp-content\/uploads\/2024\/03\/DSCN6449-768x576.jpg 768w, https:\/\/cie-lespiedsdanslesetoiles.fr\/wp-content\/uploads\/2024\/03\/DSCN6449-1536x1152.jpg 1536w, https:\/\/cie-lespiedsdanslesetoiles.fr\/wp-content\/uploads\/2024\/03\/DSCN6449-2048x1536.jpg 2048w\" sizes=\"auto, (max-width: 1024px) 100vw, 1024px\" \/><\/figure>\n\n\n\n<figure class=\"wp-block-image size-large\"><img loading=\"lazy\" decoding=\"async\" width=\"1024\" height=\"768\" src=\"https:\/\/cie-lespiedsdanslesetoiles.fr\/wp-content\/uploads\/2024\/04\/Oscar-et-la-Dame-rose-05-1024x768.jpg\" alt=\"\" class=\"wp-image-575\" srcset=\"https:\/\/cie-lespiedsdanslesetoiles.fr\/wp-content\/uploads\/2024\/04\/Oscar-et-la-Dame-rose-05-1024x768.jpg 1024w, https:\/\/cie-lespiedsdanslesetoiles.fr\/wp-content\/uploads\/2024\/04\/Oscar-et-la-Dame-rose-05-300x225.jpg 300w, https:\/\/cie-lespiedsdanslesetoiles.fr\/wp-content\/uploads\/2024\/04\/Oscar-et-la-Dame-rose-05-768x576.jpg 768w, https:\/\/cie-lespiedsdanslesetoiles.fr\/wp-content\/uploads\/2024\/04\/Oscar-et-la-Dame-rose-05-1536x1152.jpg 1536w, https:\/\/cie-lespiedsdanslesetoiles.fr\/wp-content\/uploads\/2024\/04\/Oscar-et-la-Dame-rose-05-2048x1536.jpg 2048w\" sizes=\"auto, (max-width: 1024px) 100vw, 1024px\" \/><\/figure>\n\n\n\n<figure class=\"wp-block-image size-large\"><img loading=\"lazy\" decoding=\"async\" width=\"768\" height=\"1024\" src=\"https:\/\/cie-lespiedsdanslesetoiles.fr\/wp-content\/uploads\/2024\/04\/Oscar-et-la-Dame-rose-03-768x1024.jpg\" alt=\"\" class=\"wp-image-573\" srcset=\"https:\/\/cie-lespiedsdanslesetoiles.fr\/wp-content\/uploads\/2024\/04\/Oscar-et-la-Dame-rose-03-768x1024.jpg 768w, https:\/\/cie-lespiedsdanslesetoiles.fr\/wp-content\/uploads\/2024\/04\/Oscar-et-la-Dame-rose-03-225x300.jpg 225w, https:\/\/cie-lespiedsdanslesetoiles.fr\/wp-content\/uploads\/2024\/04\/Oscar-et-la-Dame-rose-03-1152x1536.jpg 1152w, https:\/\/cie-lespiedsdanslesetoiles.fr\/wp-content\/uploads\/2024\/04\/Oscar-et-la-Dame-rose-03-1536x2048.jpg 1536w, https:\/\/cie-lespiedsdanslesetoiles.fr\/wp-content\/uploads\/2024\/04\/Oscar-et-la-Dame-rose-03-scaled.jpg 1920w\" sizes=\"auto, (max-width: 768px) 100vw, 768px\" \/><\/figure>\n\n\n\n<figure class=\"wp-block-image size-large\"><img loading=\"lazy\" decoding=\"async\" width=\"1024\" height=\"768\" src=\"https:\/\/cie-lespiedsdanslesetoiles.fr\/wp-content\/uploads\/2024\/04\/Oscar-et-la-Dame-rose-02-1024x768.jpg\" alt=\"\" class=\"wp-image-572\" srcset=\"https:\/\/cie-lespiedsdanslesetoiles.fr\/wp-content\/uploads\/2024\/04\/Oscar-et-la-Dame-rose-02-1024x768.jpg 1024w, https:\/\/cie-lespiedsdanslesetoiles.fr\/wp-content\/uploads\/2024\/04\/Oscar-et-la-Dame-rose-02-300x225.jpg 300w, https:\/\/cie-lespiedsdanslesetoiles.fr\/wp-content\/uploads\/2024\/04\/Oscar-et-la-Dame-rose-02-768x576.jpg 768w, https:\/\/cie-lespiedsdanslesetoiles.fr\/wp-content\/uploads\/2024\/04\/Oscar-et-la-Dame-rose-02-1536x1152.jpg 1536w, https:\/\/cie-lespiedsdanslesetoiles.fr\/wp-content\/uploads\/2024\/04\/Oscar-et-la-Dame-rose-02-2048x1536.jpg 2048w\" sizes=\"auto, (max-width: 1024px) 100vw, 1024px\" \/><\/figure>\n\n\n\n<figure class=\"wp-block-image size-large\"><img loading=\"lazy\" decoding=\"async\" width=\"1024\" height=\"768\" src=\"https:\/\/cie-lespiedsdanslesetoiles.fr\/wp-content\/uploads\/2024\/04\/Oscar-et-la-Dame-rose-01-1024x768.jpg\" alt=\"\" class=\"wp-image-571\" srcset=\"https:\/\/cie-lespiedsdanslesetoiles.fr\/wp-content\/uploads\/2024\/04\/Oscar-et-la-Dame-rose-01-1024x768.jpg 1024w, https:\/\/cie-lespiedsdanslesetoiles.fr\/wp-content\/uploads\/2024\/04\/Oscar-et-la-Dame-rose-01-300x225.jpg 300w, https:\/\/cie-lespiedsdanslesetoiles.fr\/wp-content\/uploads\/2024\/04\/Oscar-et-la-Dame-rose-01-768x576.jpg 768w, https:\/\/cie-lespiedsdanslesetoiles.fr\/wp-content\/uploads\/2024\/04\/Oscar-et-la-Dame-rose-01-1536x1152.jpg 1536w, https:\/\/cie-lespiedsdanslesetoiles.fr\/wp-content\/uploads\/2024\/04\/Oscar-et-la-Dame-rose-01-2048x1536.jpg 2048w\" sizes=\"auto, (max-width: 1024px) 100vw, 1024px\" \/><\/figure>\n","protected":false},"excerpt":{"rendered":"<p>Oscar a dix ans et il vit \u00e0 l\u2019h\u00f4pital. M\u00eame si personne n\u2019ose le lui dire, il sait qu\u2019il va mourir. La dame rose, qui le visite et qui \u00ab croit au ciel \u00bb, lui propose, pour qu\u2019il se sente moins seul, d\u2019\u00e9crire \u00e0 Dieu. Les questions m\u00e9taphysiques qui sont les th\u00e8mes r\u00e9currents des livres&#8230;<\/p>\n","protected":false},"author":1,"featured_media":0,"parent":29,"menu_order":12,"comment_status":"closed","ping_status":"closed","template":"","meta":{"_kad_post_transparent":"","_kad_post_title":"","_kad_post_layout":"","_kad_post_sidebar_id":"","_kad_post_content_style":"","_kad_post_vertical_padding":"","_kad_post_feature":"","_kad_post_feature_position":"","_kad_post_header":false,"_kad_post_footer":false,"footnotes":""},"class_list":["post-41","page","type-page","status-publish","hentry"],"_links":{"self":[{"href":"https:\/\/cie-lespiedsdanslesetoiles.fr\/index.php\/wp-json\/wp\/v2\/pages\/41","targetHints":{"allow":["GET"]}}],"collection":[{"href":"https:\/\/cie-lespiedsdanslesetoiles.fr\/index.php\/wp-json\/wp\/v2\/pages"}],"about":[{"href":"https:\/\/cie-lespiedsdanslesetoiles.fr\/index.php\/wp-json\/wp\/v2\/types\/page"}],"author":[{"embeddable":true,"href":"https:\/\/cie-lespiedsdanslesetoiles.fr\/index.php\/wp-json\/wp\/v2\/users\/1"}],"replies":[{"embeddable":true,"href":"https:\/\/cie-lespiedsdanslesetoiles.fr\/index.php\/wp-json\/wp\/v2\/comments?post=41"}],"version-history":[{"count":12,"href":"https:\/\/cie-lespiedsdanslesetoiles.fr\/index.php\/wp-json\/wp\/v2\/pages\/41\/revisions"}],"predecessor-version":[{"id":579,"href":"https:\/\/cie-lespiedsdanslesetoiles.fr\/index.php\/wp-json\/wp\/v2\/pages\/41\/revisions\/579"}],"up":[{"embeddable":true,"href":"https:\/\/cie-lespiedsdanslesetoiles.fr\/index.php\/wp-json\/wp\/v2\/pages\/29"}],"wp:attachment":[{"href":"https:\/\/cie-lespiedsdanslesetoiles.fr\/index.php\/wp-json\/wp\/v2\/media?parent=41"}],"curies":[{"name":"wp","href":"https:\/\/api.w.org\/{rel}","templated":true}]}}